y + z - 3*z - 2 = 0, 3*y = 2*z + 6. Suppose y*q + q - 6 = 0. Let n(h) = -h**3 + h**2 + 2. Calculate n(q).
-2
Let h = -2 + 2. Suppose -b - 2 - 2 = h. Let v(f) = f**2 - f + 1. Let d(y) = y**3 + 5*y**2 - 2*y - 3. Let u(t) = d(t) - v(t). Give u(b).
0
Let q(b) = -b**2 - 5*b + 2. Let a = 22 + -26. Calculate q(a).
6
Suppose 3*v - u - 36 = -8, -3*u = 4*v - 59. Let p(l) = -l**3 + v*l - 11*l + 1. What is p(0)?
1
Let b(n) = 26 + n + n**2 - 11 - 12. Determine b(-3).
9
Let a(l) = 2*l + 1. Let n be (-126)/(-24) - 1/4. Suppose -2*h + 11 = -5*d, -4 = -4*h - n*d - 27. Give a(h).
-3
Let s(i) = -i**2 - 43 + 7*i - 46 + 91. Determine s(4).
14
Let x(w) = w**3 - 3*w**2 + 3*w. Let r(n) = -2*n**3 + 4*n**2 - 4*n. Let k(f) = 2*r(f) + 3*x(f). Let o = 1 - -1. Let d = o + -3. Determine k(d).
-1
Let g(i) be the third derivative of i**4/24 + 5*i**3/6 - 29*i**2. Determine g(-6).
-1
Let k be (-18)/3 - 3/(-1). Let q(v) be the third derivative of 0 + 0*v - 1/6*v**3 + 2*v**2 + 1/12*v**4 + 1/20*v**5 + 1/120*v**6. Calculate q(k).
-7
Let b(m) = 2*m + 3 + 7 + 6 - 24. What is b(7)?
6
Suppose 2*d + 0*d + k + 11 = 0, -20 = 5*d - 5*k. Let v(x) = -x + 2. Determine v(d).
7
Let s be (-3)/((-12)/(-8)) + 4. Let p(u) = u**3 - 2*u + 2. What is p(s)?
6
Let c(s) = 3*s**3 - s**2 - 4*s - 4. Let y be 2/(-13) + 140/65. Let f(u) = 2*u - 3*u + 1 - y. Let z(i) = -c(i) + 4*f(i). What is z(1)?
-2
Let g(c) = -c**2 - c + 2. Let u(f) = -2*f**3 - 3*f**2 - 6*f + 12. Let p(k) = -5*g(k) + u(k). Calculate p(2).
-8
Let q(o) = -2*o + 1 - 2 - 1. Let p be (3 - (-1 - -1)) + -3. Suppose v + v + 10 = p. Give q(v).
8
Let s(y) = 2 - 6 + 0 + 0 - 3*y. Let z(w) = -w - 1. Let h(o) = -s(o) + 5*z(o). Let p(m) = 5*m**3 + m + 1. Let j be p(-1). Give h(j).
9
Let z(s) be the first derivative of -s**6/120 - s**5/30 - s**2 + 2. Let h(y) be the second derivative of z(y). Let t = 5 + -6. What is h(t)?
-1
Let i(t) be the second derivative of t**4/12 + t**3/2 - t**2/2 + 21*t. Determine i(-3).
-1
Let r(s) = s**3 - 4 + 6*s**2 - 3*s**2 - 3*s - s**2. What is r(-3)?
-4
Let o(v) = -v**2 + v + 3. Let i be o(4). Let f(m) = m**2 + 7*m - 8. Give f(i).
10
Let c(r) = -12*r**2 + 4*r - 6. Let t(w) = 23*w**2 - 7*w + 11. Let a(u) = -11*c(u) - 6*t(u). Let o(y) = -y**2 - y. Let n(f) = a(f) - 4*o(f). Calculate n(2).
-4
Let o = 2 - 3. Let t(d) = d + 14 + d**2 - 14 + 6*d**3. Give t(o).
-6
Let l(u) = 2*u - 5. Let x = -49 + 43. What is l(x)?
-17
Let i(o) be the second derivative of o**6/180 - o**4/3 + 6*o. Let s(w) be the third derivative of i(w). Calculate s(1).
4
Let p be (6/4)/((-3)/(-10)). Let h(n) = 6*n - 4 - p*n + 0. Let i(x) = x**3 - 5*x**2 + 6*x - 5. Let z be i(4). Give h(z).
-1
Let r be 2/6*(-6)/1. Let s(d) = -d + 2. Let w(t) = -2*t + 3. Let y(p) = -5*s(p) + 3*w(p). Give y(r).
1
Let t(a) = -2*a - 6 - 2*a + 3*a. Let m = -16 - -11. Let q be t(m). Let b(j) = -2*j - 1. Determine b(q).
1
Let h(d) = -d**3 - 5*d**2 - 5*d - 1. Suppose -4*c + 87 = -k, 4*c - 3*k - 90 = -k. Suppose -6*j = -5*y - 2*j, -4*y - c = j. Calculate h(y).
3
Let o(v) = v**3 - 7*v**2 + 6*v. Let n = 99 - 93. Give o(n).
0
Let a(x) = -7*x**2 + x + 1. Let j(g) = 6*g**2 - g - 1. Let l(r) = 3*a(r) + 4*j(r). Determine l(2).
9
Let k(z) = 3*z**3 + 2*z**2 - z + 1. Let h(a) = -10*a**3 - 6*a**2 + 4*a - 4. Let d be (-10)/(-4)*(-12)/(-15). Let m(s) = d*h(s) + 7*k(s). Determine m(-2).
-3
Let o(h) = -5*h**3 + 14*h**2 - 15*h. Let i(s) = s**3 - 3*s**2 + 3*s. Let c(k) = -11*i(k) - 2*o(k). Calculate c(4).
4
Let q be (0 - 0) + (-2)/(-1). Let b(f) be the third derivative of f**4/12 - f**3/6 - f**2. Calculate b(q).
3
Let u(h) = 7*h**2 - h. Let j be 1*(-5 + 4 + 0/(-1)). Determine u(j).
8
Suppose -12*r = -10*r - 6. Let j(p) = -3*p + 1. Calculate j(r).
-8
Let r(u) = -2*u - 3. Let x be r(-3). Let q(f) = 1 - f + 6*f**2 - x*f**2 + 3*f. Give q(-1).
2
Let i(h) = 4 - 5 + 5*h - h**2 + 2. Let t be i(5). Let q(v) = v**2 + 1. Let g(o) = -3*o**2 - 4*o - 2. Let c(d) = t*g(d) + 4*q(d). Calculate c(3).
-1
Suppose -5*l - 3*w - 7 = 0, 4*l = 2*l + 2*w + 10. Let x(t) = 0*t**2 + t + 4*t**2 + 0*t. What is x(l)?
5
Let i be 8/20 + (-46)/(-10). Let y(u) = 2*u - 7. Calculate y(i).
3
Let u(s) = -11*s**2 + 5*s - 17. Let d(l) = 13*l**2 - 5*l + 18. Let r(g) = 6*d(g) + 7*u(g). Give r(-6).
-5
Let s be (-1)/2 - 74/(-4). Let w = -16 + s. Let u(i) = -2*i - 2. Determine u(w).
-6
Suppose 4*k - 9 = 3. Let c(z) = 0*z + 2*z - 7*z + 3*z. Calculate c(k).
-6
Let a(k) = k**3 + 6*k**2 + 6*k + 3. Let m(l) = -2*l + 11. Let g = 10 + -2. Let w be m(g). Let s be a(w). Let u(y) = y**3 + 2*y**2 + 2*y - 2. Give u(s).
-6
Let l(p) = 2*p**2 - 10*p - 9. Let w(o) = o**2 - 5*o - 5. Let m(k) = -2*l(k) + 5*w(k). What is m(5)?
-7
Suppose 0 = 4*m + 3*w - 22, -3*m + 0*w + 4*w + 4 = 0. Let z(s) = -s + 2. What is z(m)?
-2
Let m(l) = 6*l**2 + 5*l - 4. Let j(r) = r - 5. Let i be j(0). Let h(a) = a**2 + a - 1. Let b(n) = i*h(n) + m(n). Calculate b(1).
2
Suppose 3*l = -5*u + 11, 3*l + 2 = u + 7. Let d(p) = -p**3 - 3*p**2 + 4*p**l - 4*p**2 + 0*p**2 + 3 + 6*p. What is d(-4)?
-5
Let a = -34 - -29. Let f(h) = -h - 5. Determine f(a).
0
Suppose 0 = -2*s - 2*j + 16, 3*j - 23 = -4*s + 4. Let y be (1/(-1))/((-1)/s). Suppose 0*t - 3 = y*t. Let v(m) = -2*m**2 - m - 1. What is v(t)?
-2
Let z(d) be the first derivative of -d**3/3 - 5*d**2/2 - d - 14. Give z(-6).
-7
Let m = 3 - 2. Let f(l) = -m + 4*l**2 + 6 - 6. What is f(-1)?
3
Let w be 0 + 3/((-6)/(-10)). Suppose 2*i + 5*t = 4*i - 45, -2*i = 5*t + w. Let z(l) = -5 + 5 + 9*l - i*l + 3. Determine z(3).
0
Suppose 0 = -i + 4*i - 6. Let d(o) = -o - o**i + o**2 - 2 - o**2. Suppose 0 = 3*w - 3*c - 6, 6 - 31 = 5*c. Give d(w).
-8
Let x(n) be the third derivative of -n**4/24 - n**3/2 + 5*n**2. Calculate x(0).
-3
Suppose -2*q = k + 2, 0 = -k - 3*q + 2*q - 4. Let n(m) be the second derivative of m**5/20 + m**4/2 + m**3/3 + m**2/2 - 13*m. Determine n(k).
-11
Suppose 0*j - 6 = -2*j. Let r(y) = 2 - 4*y**2 + 2 + 0*y**2 + 5*y**j - 4*y**3. Determine r(3).
-5
Let f = -1 - 2. Let a(z) be the first derivative of -3*z**2/2 - 3*z + 28. Give a(f).
6
Let w be (4 - 7) + -2*1. Let p(j) = -3*j**3 - 6*j**2 - 8*j - 7. Let g(z) = 16*z**3 + 30*z**2 + 41*z + 36. Let c(v) = 2*g(v) + 11*p(v). Give c(w).
0
Let f(u) = -6*u - 14*u - u - 5*u + 29. Suppose -14 = -0*t - 2*t - 4*d, 5*d - 26 = -3*t. Let o(s) = -9*s + 10. Let x(h) = t*o(h) - 6*f(h). What is x(4)?
8
Let u(q) = -5*q**2 + q - 1. Suppose -2*t + 3*a = -1, 2 = 3*t - 4*a - 0*a. Suppose -2 = t*x - 4. What is u(x)?
-5
Let o(b) = b**3 - 3*b**2 - 4*b + 5. Let g = -7 - -11. Let v be o(g). Let l(r) = 2*r - 5. What is l(v)?
5
Let h(v) = -v**3 + 1. Let l(a) = a**3 + a**2 + 2*a - 2. Let s(f) = 3*h(f) + l(f). Calculate s(-1).
2
Suppose -5*s - 3 = 17. Let m(h) = h**3 + 3*h**2 - h + 3. Calculate m(s).
-9
Let a(p) = -12*p**3 - 2*p**2 + p. Let f(s) = 2*s**3 + 5*s**2 + 2*s + 1. Let z be f(-2). Give a(z).
-13
Let p(y) = y**3 - 5*y**2 + 5*y - 6. Suppose 5*l + 5*s = -25, -4*l = -3*s + 6 + 21. Let d be 56/l - 2/3. Let r(j) = j + 14. Let z be r(d). What is p(z)?
-2
Let t(r) = r**2 - 2*r + 1. Let j be ((-22)/(-4) - 3)*(-12)/(-30). Give t(j).
0
Let j(m) = -6*m**3 + 5*m - 4*m - m**3. Let z be (1/2)/(12/(-24)). Determine j(z).
6
Suppose 0 = 23*f - 20*f. Let u(r) = -r + 5. Calculate u(f).
5
Suppose 0 = 5*h - 17 + 2. Let m(t) = -4 - h + 6 + t. Give m(-5).
-6
Let l(c) be the third derivative of c**4/24 - c**3/2 + 22*c**2. Determine l(10).
7
Let b = 107 + -100. Let r(x) = -x**2 + 9*x - 5. Determine r(b).
9
Suppose -3*n = 2*n. Suppose q + 0*q + 1 = n. Let y(p) = 9*p**2 + 2*p + 1. Calculate y(q).
8
Let w(u) = -u**2 + 5*u + 6. Let x = -6 - -10. Let a(c) = c**3 + 4*c**2. Let r be a(-4). Suppose 1 = 5*z - 4*z + x*k, r = -2*k - 2. Give w(z).
6
Let w(n) = 2*n**2 - n + 1. Let d be w(1). Let s(c) = d*c + 0 - 3 - 6*c - c. Give s(-2).
7
Let g(y) = -7*y**3 - y**2 + 3*y - 2. Let d(o) = -o**3 + o**2 - o + 1. Let l(k) = 2*d(k) + g(k). What is l(-1)?
9
Let x(k) be the third derivative of 0 + 1/360*k**6 + 3*k**2 + 1/24*k**5 + 1/4*k**4 - 1/6*k**3 + 0*k. Let o(g) be the first derivative of x(g). Calculate o(-4).
2
Let k(a) = -a**3 + 3*a**2 + 3*a - 4. Let d be (1*-6)/3 + 17. Suppose 0 = 3*s + 2*s - d. Let l(g) = -g**2 + 5*g - 2. Let c be l(s). Determine k(c).
-8
Let r(j) = j. Let m be r(-4). Let z(v) = 18*v**2 + 0*v**3 - 4*v + v**3 - 15*v**2 - 4. What is z(m)?
-4
Let p